inder when 398 is divided by 20.
18
Calculate the remainder when 313 is divided by 136.
41
Calculate the remainder when 5730 is divided by 63.
60
What is the remainder when 238 is divided by 80?
78
Calculate the remainder when 103 is divided by 37.
29
What is the remainder when 2038 is divided by 32?
22
Calculate the remainder when 720 is divided by 225.
45
Calculate the remainder when 2615 is divided by 375.
365
What is the remainder when 531 is divided by 229?
73
What is the remainder when 10759 is divided by 92?
87
Calculate the remainder when 580 is divided by 83.
82
Calculate the remainder when 1672 is divided by 80.
72
Calculate the remainder when 305 is divided by 26.
19
Calculate the remainder when 253 is divided by 234.
19
Calculate the remainder when 31693 is divided by 106.
105
What is the remainder when 488 is divided by 120?
8
What is the remainder when 48 is divided by 8?
0
What is the remainder when 1033 is divided by 74?
71
Calculate the remainder when 4443 is divided by 13.
10
Calculate the remainder when 317 is divided by 9.
2
Calculate the remainder when 101 is divided by 39.
23
What is the remainder when 109 is divided by 86?
23
Calculate the remainder when 1629 is divided by 327.
321
What is the remainder when 217 is divided by 217?
0
Calculate the remainder when 387 is divided by 10.
7
Calculate the remainder when 538 is divided by 17.
11
Calculate the remainder when 3671 is divided by 24.
23
Calculate the remainder when 1623 is divided by 28.
27
Calculate the remainder when 204 is divided by 97.
10
What is the remainder when 1491 is divided by 15?
6
Calculate the remainder when 2705 is divided by 66.
65
Calculate the remainder when 104 is divided by 32.
8
What is the remainder when 237 is divided by 52?
29
Calculate the remainder when 9086 is divided by 16.
14
Calculate the remainder when 633 is divided by 34.
21
Calculate the remainder when 187 is divided by 64.
59
What is the remainder when 5118 is divided by 80?
78
Calculate the remainder when 1633 is divided by 802.
29
What is the remainder when 8923 is divided by 248?
243
What is the remainder when 261 is divided by 242?
19
Calculate the remainder when 246 is divided by 118.
10
What is the remainder when 149 is divided by 121?
28
Calculate the remainder when 7992 is divided by 20.
12
Calculate the remainder when 70 is divided by 34.
2
Calculate the remainder when 180 is divided by 61.
58
What is the remainder when 246 is divided by 74?
24
Calculate the remainder when 2618 is divided by 97.
96
What is the remainder when 1016 is divided by 52?
28
Calculate the remainder when 13638 is divided by 55.
53
What is the remainder when 216 is divided by 73?
70
Calculate the remainder when 596 is divided by 153.
137
Calculate the remainder when 558 is divided by 34.
14
Calculate the remainder when 290 is divided by 37.
31
What is the remainder when 93 is divided by 10?
3
Calculate the remainder when 937 is divided by 67.
66
Calculate the remainder when 575 is divided by 85.
65
What is the remainder when 3510 is divided by 108?
54
What is the remainder when 29 is divided by 16?
13
Calculate the remainder when 1128 is divided by 29.
26
Calculate the remainder when 4073 is divided by 14.
13
Calculate the remainder when 263 is divided by 63.
11
What is the remainder when 830 is divided by 70?
60
Calculate the remainder when 837 is divided by 29.
25
What is the remainder when 145 is divided by 57?
31
Calculate the remainder when 176 is divided by 37.
28
Calculate the remainder when 2665 is divided by 666.
1
What is the remainder when 57 is divided by 44?
13
Calculate the remainder when 12594 is divided by 293.
288
Calculate the remainder when 22385 is divided by 287.
286
What is the remainder when 1942 is divided by 77?
17
What is the remainder when 2029 is divided by 6?
1
What is the remainder when 3041 is divided by 4?
1
What is the remainder when 3098 is divided by 5?
3
What is the remainder when 249 is divided by 21?
18
Calculate the remainder when 328 is divided by 50.
28
Calculate the remainder when 131 is divided by 22.
21
What is the remainder when 25 is divided by 16?
9
What is the remainder when 105 is divided by 48?
9
Calculate the remainder when 36 is divided by 4.
0
What is the remainder when 489 is divided by 123?
120
What is the remainder when 761 is divided by 304?
153
What is the remainder when 22306 is divided by 230?
226
What is the remainder when 88 is divided by 84?
4
What is the remainder when 504 is divided by 44?
20
What is the remainder when 512 is divided by 402?
110
What is the remainder when 1347 is divided by 45?
42
What is the remainder when 824 is divided by 265?
29
What is the remainder when 420 is divided by 176?
68
What is the remainder when 605 is divided by 3?
2
What is the remainder when 48 is divided by 30?
18
Calculate the remainder when 56 is divided by 20.
16
Calculate the remainder when 3919 is divided by 56.
55
What is the remainder when 1547 is divided by 35?
7
Calculate the remainder when 208 is divided by 49.
12
Calculate the remainder when 99 is divided by 12.
3
What is the remainder when 77 is divided by 62?
15
What is the remainder when 404 is divided by 34?
30
Calculate the remainder when 146 is divided by 21.
20
What is the remainder when 7903 is divided by 15?
13
What is the remainder when 1652 is divided by 274?
8
What is the remainder when 888 is divided by 50?
38
What is the remainder when 36 is divided by 15?
6
Calculate the remainder when 457 is divided by 23.
20
Calculate the remainder when 560 is divided by 56.
0
What is the remainder when 194 is divided by 4?
2
Calculate the remainder when 4955 is divided by 21.
20
What is the remainder when 384 is divided by 45?
24
Calculate the remainder when 4632 is divided by 1544.
0
Calculate the remainder when 642 is divided by 152.
34
What is the remainder when 220 is divided by 32?
28
What is the remainder when 250 is divided by 85?
80
What is the remainder when 422 is divided by 204?
14
What is the remainder when 439 is divided by 11?
10
What is the remainder when 269 is divided by 114?
41
What is the remainder when 1289 is divided by 144?
137
Calculate the remainder when 140 is divided by 60.
20
Calculate the remainder when 1167 is divided by 37.
20
Calculate the remainder when 744 is divided by 38.
22
Calculate the remainder when 286 is divided by 17.
14
What is the remainder when 161 is divided by 56?
49
What is the remainder when 367 is divided by 163?
41
What is the remainder when 772 is divided by 18?
16
What is the remainder when 726 is divided by 28?
26
Calculate the remainder when 5961 is divided by 19.
14
Calculate the remainder when 109 is divided by 32.
13
Calculate the remainder when 521 is divided by 29.
28
Calculate the remainder when 3055 is divided by 22.
19
Calculate the remainder when 1621 is divided by 14.
11
What is the remainder when 101 is divided by 13?
10
Calculate the remainder when 149 is divided by 81.
68
Calculate the remainder when 149 is divided by 25.
24
What is the remainder when 279 is divided by 40?
39
What is the remainder when 134 is divided by 15?
14
What is the remainder when 578 is divided by 183?
29
Calculate the remainder when 2900 is divided by 15.
5
What is the remainder when 132 is divided by 17?
13
What is the remainder when 149 is divided by 38?
35
What is the remainder when 85 is divided by 23?
16
Calculate the remainder when 126 is divided by 67.
59
Calculate the remainder when 199 is divided by 4.
3
What is the remainder when 2002 is divided by 33?
22
Calculate the remainder when 214 is divided by 6.
4
Calculate the remainder when 147 is divided by 1.
0
What is the remainder when 359 is divided by 189?
170
What is the remainder when 12164 is divided by 8?
4
What is the remainder when 94 is divided by 11?
6
What is the remainder when 6437 is divided by 14?
11
What is the remainder when 72 is divided by 64?
8
Calculate the remainder when 459 is divided by 17.
0
Calculate the remainder when 139 is divided by 18.
13
What is the remainder when 832 is divided by 25?
7
Calculate the remainder when 531 is divided by 531.
0
Calculate the remainder when 720 is divided by 153.
108
What is the remainder when 1356 is divided by 114?
102
Wh